 - 2, 3*g + 5*v + 7 = 0. Let b be 2/(-8) - 13/g. Suppose -b*t = -t - 68. What is the remainder when t is divided by 12?
10
Let d = -67 + 154. Calculate the remainder when d is divided by 8.
7
Suppose -25 = -2*q + 7*q, 0 = 2*k + 3*q - 129. Calculate the remainder when k is divided by 15.
12
Let k be -1*(7/(-1) + -2). Let f be ((-4)/6)/(3/(-135)). Suppose -3*b + k = -f. Calculate the remainder when b is divided by 5.
3
Let n(p) be the third derivative of p**5/60 + 5*p**4/24 - 3*p**3/2 + 2*p**2. Let o be n(-8). Calculate the remainder when (6/(-9))/((-2)/o) is divided by 2.
1
Let y = -68 - -99. Suppose -4*s + 4 = 40. Let c = s - -20. What is the remainder when y is divided by c?
9
Suppose -p + 2 = -2. Suppose 3 = -5*n + 3*n - 3*o, -15 = -p*n + o. Calculate the remainder when 10 is divided by n.
1
Suppose -87 = -3*y + 30. Let z(o) = o**2 + 1. What is the remainder when y is divided by z(-3)?
9
Suppose -7 - 5 = -2*y. Suppose y = 3*l - 6*l. Calculate the remainder when 5 is divided by (0 - 2)/(1/l).
1
Let x be ((2 + -1)*6)/2. Suppose -3*d + 12 = -x. Calculate the remainder when d is divided by 4.
1
Let c(h) = 2*h - 6. Calculate the remainder when 7 is divided by c(5).
3
Suppose 4*r - b + 9 = 6*r, 0 = -4*r - 4*b + 20. Suppose 0 = 3*x + 5*s - 30 - 19, -r*s + 60 = 5*x. What is the remainder when 136/6 - 2/(-6) is divided by x?
7
Let i(n) = -5*n + 1. Let w be i(-1). Suppose -b + w = -9. Let o = -2 + b. What is the remainder when 24 is divided by o?
11
Calculate the remainder when 118 is divided by (-8)/(1 - -3) + 39 - -3.
38
Let z = -56 - -68. Suppose 8 = -2*j + 6*j. Suppose -j*o - l + 6*l + 62 = 0, -4*o + 2*l = -92. What is the remainder when o is divided by z?
9
Let c(m) = -m**2 - m + 3. Let y be c(0). Suppose -h = -y*h + 58. Calculate the remainder when h is divided by 8.
5
Suppose 0 = 3*a - 3*j + 6, 6*j - 2 = 2*a + 2*j. Let b be a - -2 - (-3)/(-1). Let c = 6 + b. What is the remainder when 5 is divided by c?
1
Let y(i) = -8*i - 19. Calculate the remainder when 145 is divided by y(-7).
34
Suppose -q + 2*q = 2*c - 13, -15 = 5*q. Suppose -4*f = f - c*z - 45, -4*f + 3*z + 32 = 0. Calculate the remainder when 9 is divided by f.
4
Suppose -2*o = -2 - 2. Suppose -o*a - a = 2*f - 25, -4*a = -f - 37. Suppose 17 = -2*w + 3*w. What is the remainder when w is divided by a?
8
Let a(n) be the second derivative of -19*n**3/2 - n**2/2 - n. Suppose 3*q = 4*q - 4*p - 19, 4*q - 76 = 5*p. Calculate the remainder when a(-1) is divided by q.
18
Let a = 9 - 5. Suppose -5*h + 117 = a*r, -177 = -5*h + 4*r - 44. Let l = 21 + -12. What is the remainder when h is divided by l?
7
Suppose -l + 55 = -2*l. Let o be (-4)/(-22) + (-4775)/l. Suppose -3*a = s + 3 - 48, -2*s + o = 3*a. What is the remainder when s is divided by 11?
9
Let d(t) = t**3 - 13*t**2 + 14*t - 8. What is the remainder when (2 - 0)/(-1) - -49 is divided by d(12)?
15
Let h(v) = -11*v - 5. Suppose 0*c = -c - 4. Suppose 2*m = -2*t + 28, 3*t + m = -0*t + 34. Calculate the remainder when h(c) is divided by t.
9
Suppose 5*c - 156 = -0*f - 2*f, -3*c = -f + 67. Calculate the remainder when f is divided by 37.
36
Suppose -2*f = -0*f - 128. Let j = f - 16. Calculate the remainder when j is divided by 25.
23
Suppose 45 = 4*s - 3*i, -s + i + 14 = 3*i. What is the remainder when 35 is divided by s?
11
Let t(v) = 4*v**2 + v + 10. What is the remainder when t(5) is divided by 29?
28
Suppose -2*l - 7*l + 171 = 0. Let f(n) = 54*n**2 + 2*n - 1. Calculate the remainder when f(1) is divided by l.
17
Suppose s + 22 = 6*k - k, 20 = 5*k. Let c(a) = -a**3 - 2*a**2 - 3*a - 3. Calculate the remainder when c(s) is divided by 2.
1
Suppose 4*r + 0*c = 3*c + 17, 4*c = 4*r - 16. Let x be 3/(-9)*-9*1. Let t = 7 - x. Calculate the remainder when r is divided by t.
1
Calculate the remainder when (-12)/(-2 - 2)*25 is divided by 19.
18
Let f = 20 - 12. Suppose 0 = -4*o - 2*s + f, -o = 5*s - 2*s + 3. Let l(i) = 17*i - 31. Calculate the remainder when l(2) is divided by o.
0
Let m(s) = 18*s + 5. Calculate the remainder when m(4) is divided by 16.
13
Let w(r) = r**2 - 3*r + 1. Let i be w(1). Let a = 13 - i. Suppose -3*b = 3*s - 7*b - 11, -3*s + b + a = 0. What is the remainder when 18 is divided by s?
3
Let g(u) = -4*u. Let f = 36 - 23. Calculate the remainder when g(-6) is divided by f.
11
Suppose -61 = -2*k + 5*f, 0 = -2*k + 3*f + 17 + 34. What is the remainder when 32 is divided by k?
14
What is the remainder when 25 is divided by (3/(-15))/((-3)/195)?
12
Suppose -4*l + 30 = 3*b - b, 0 = 3*l - 4*b - 39. Suppose 85 = i + 4*i. What is the remainder when i is divided by l?
8
Suppose -5*x + 14 = o, -5*x + 8 = 4*o - 18. Suppose 0 = 5*v - 16 + 1. Calculate the remainder when 10 is divided by (3/1)/v + x.
1
What is the remainder when ((-20)/(-30))/(2/42) is divided by 4?
2
Suppose 39 = 5*v - 16. What is the remainder when 30 is divided by v?
8
Let x = 11 - -3. Suppose 0 = -4*c + 6 + 2. Suppose 2 = -c*q + x. Calculate the remainder when 11 is divided by q.
5
Let k = 60 + -7. Let o = 159 - 141. Calculate the remainder when k is divided by o.
17
Let h(r) = 8*r**2 + 52*r - 2. What is the remainder when h(-12) is divided by 16?
14
Suppose 0 = 3*x - l - 35, 4*x + l = -l + 40. Let c = -143 - -163. Calculate the remainder when c is divided by x.
9
Let s = -12 - -22. Suppose k - 4 = -0*k. What is the remainder when s is divided by k?
2
Let z(g) = g**3 - 8*g**2 + 5*g + 8. Suppose -5*v + 41 = 6. Let p be z(v). Let y(b) = -b**3 - 6*b**2 - 2*b - 8. What is the remainder when 6 is divided by y(p)?
2
Let r(m) = -4*m + 35. What is the remainder when 25 + (1 - 0) + -1 is divided by r(7)?
4
Let i = 40 + -29. What is the remainder when 28 is divided by i?
6
Let p(h) = h**3 + 11*h**2 - 13*h + 14. What is the remainder when 101 is divided by p(-12)?
23
Let p(q) = 13*q**2 + 2*q. Let i be p(2). Let g = i + -37. What is the remainder when g is divided by 7?
5
Suppose 0 = 5*u - 6*u + 18. Calculate the remainder when u is divided by 10.
8
What is the remainder when (13/3)/((-27)/(-243)) is divided by 5?
4
Let q(i) = -i**2 - 8*i + 9. Calculate the remainder when 47 is divided by q(-7).
15
Suppose 0*p = 4*p + 3*j - 24, 2*j - 6 = -p. Let y = -366 - -383. Calculate the remainder when y is divided by p.
5
Let s(a) = a**2 - 6*a + 14. Calculate the remainder when 10 is divided by s(4).
4
Let c = 262 + -208. Suppose -2*x = -8 - 20. Calculate the remainder when c is divided by x.
12
Let p(f) = -f**3 + 18*f**2 - 14*f - 7. Calculate the remainder when p(17) is divided by 15.
14
Suppose 8*i - 69 = 27. Calculate the remainder when i is divided by 3.
0
Suppose -4*i = 5*y - 103, 0 = -5*y - 5*i + 84 + 21. Suppose 0 = -2*w + 2 + 18. What is the remainder when y is divided by w?
9
Let y = 39 + -29. Calculate the remainder when y is divided by 6.
4
Let i(m) = -17*m + 7. Let l(n) = -1. Let x(c) = i(c) + 3*l(c). Let o be x(7). Let f = -80 - o. What is the remainder when f is divided by 12?
11
Let t(w) = -w**2 + 3*w - 8. Let g be 7*(26/14 + -1). Let c be t(g). Let b = -13 - c. What is the remainder when 37 is divided by b?
11
Suppose n = -4*c - 15 - 3, 3*c - 44 = 5*n. Let i = n - -56. What is the remainder when i is divided by 12?
10
Calculate the remainder when 34 is divided by ((-20)/10)/(2/(-7)).
6
Suppose -2*i - 5*w - 8 = 0, -i + 1 = w - 1. What is the remainder when i is divided by 1?
0
Let l = 12 + -7. What is the remainder when l is divided by 3?
2
Let f = 0 - -5. Suppose 3*l - 71 = -f. What is the remainder when 41 is divided by l?
19
Let p(r) = -r**2 + 6*r + 7. Let q be p(7). Suppose 0 = -6*g + 3*g + 2*v + 22, 5*v + 10 = q. What is the remainder when 16 is divided by g?
4
Let a(r) = 6*r - 2. Let f be a(2). Let j = -7 + f. What is the remainder when 10 is divided by j?
1
Let o(f) = -7*f + 12. Let m(l) = -14 + 4 - 3 + 8*l. Let b(z) = -5*m(z) - 6*o(z). Calculate the remainder when b(7) is divided by 4.
3
Suppose -16 = -r - 2. What is the remainder when 69 is divided by r?
13
Let g(f) = -f**2 - 3*f + 3. Let m be g(-3). Let k be (m - 1) + (61 - 2). Suppose -5*b + 99 = -k. What is the remainder when b is divided by 17?
15
Let m(z) = 3*z**2 + 20*z - 5. What is the remainder when m(-8) is divided by 5?
2
Suppose 2*f - 51 - 23 = 0. What is the remainder when f is divided by 8?
5
What is the remai